3*y - 1 + 7 = 0. Let c = -2 - 3. Let v = c - y. Give i(v).
-4
Let k(b) be the second derivative of -b**7/840 - b**6/120 + b**5/40 + b**4/8 - b**3/3 + 2*b. Let j(i) be the second derivative of k(i). Give j(-3).
-6
Let x(o) be the first derivative of -o**3/3 + 2*o**2 - 4*o + 1. Let i(f) = f**3 - 7*f**2 + 8*f - 9. Let m be i(6). Suppose m = -b + 7. Determine x(b).
-4
Let c(m) be the second derivative of -m**3/6 + 3*m**2 + 2*m. Let n(f) = f**2 + 10*f + 26. Let t be n(-7). Calculate c(t).
1
Suppose -3*i + 2*i = -4. Let g be i/14 - 160/(-28). Let t(p) = -p**2 + 5*p + 8. Let m be t(g). Let k(s) = -s**2 + 2*s. Give k(m).
0
Let x(q) = 7 - 5*q**2 - 2*q**2 + 7*q + 8*q**2. Calculate x(-5).
-3
Let v be (16 + -11)*(-1 + 0). Let a(w) = -w - 6. What is a(v)?
-1
Let t(c) = -5*c - 13. Let r(i) = 4*i + 12. Let h(p) = -7*r(p) - 6*t(p). Calculate h(6).
6
Let f(r) = -r**3 - 7*r**2 - 9. Let s = 114 + -121. What is f(s)?
-9
Let t(q) = -3*q**2 - 3*q. Let o(y) = -y**2 - y + 1. Let z(h) = 4*o(h) - t(h). Suppose -13 = 5*i + 3*d - 2, 3*d - 9 = 0. Give z(i).
-8
Let b(s) be the first derivative of s**2 - 3*s - 1. Calculate b(3).
3
Let r(w) = w + 6. Let k be r(-5). Let h be (6*k)/3 - 0. Let t(z) = -2 - 3*z**2 + h*z**3 + 2*z**2 - z**3. What is t(2)?
2
Let h(a) = -a - 3. Suppose -16 = 5*s + 2*x + 9, -3*s + 2*x = -1. What is h(s)?
0
Let x(j) = -2*j + 1. Let f = -9 + 11. Give x(f).
-3
Let d(n) = -n**3 + 13. Let h be d(0). Let o = h + -6. Suppose -4*k - 11 - 1 = 4*z, o = -4*z - 3*k. Let i(p) = 2*p - 2. Calculate i(z).
2
Let o(n) = -n**2 - 9*n. Suppose 0 = -2*t, 3*h - 3*t + 3 + 21 = 0. Determine o(h).
8
Suppose -y = -6 + 1. Let x(j) = 6*j**3 - 9*j**2 - 9*j - 4. Let d(u) = 7*u**3 - 10*u**2 - 10*u - 4. Let v(a) = 5*d(a) - 6*x(a). What is v(y)?
-1
Suppose -9 = 4*w - 7*w. Suppose w*t - 74 = -5. Suppose t = 2*z + 3*n, 3*z - 4*n + 13 = n. Let c(m) = m**3 - 3*m**2 - 2*m - 3. Give c(z).
5
Let h be 128/22 + (-10)/(-55). Let l(t) = -8*t**2 + 2 - h*t + 8*t**2 + t**2. Determine l(5).
-3
Let i(j) = -j**2 + 8*j - 7. Let r be i(7). Let t(s) = -2 + s**2 + r*s**2 + 3*s - 3*s + 2*s. What is t(-3)?
1
Let k(g) = -24*g - 14. Let a(f) = 8*f + 5. Let l(w) = -11*a(w) - 4*k(w). Determine l(-1).
-7
Let s(r) = -2*r - 8. Suppose 39 = 5*g - 4*j - 11, -5*g + 55 = -5*j. Determine s(g).
-20
Let h(s) = -2*s - 1. Let n(b) = -3*b - 2. Let m(x) = -9*h(x) + 4*n(x). Let y(r) = -r**3 + 3*r**2 - 1. Let o be y(3). What is m(o)?
-5
Let r(y) = 11*y + 1. Let o(d) = -2*d**2 + 1. Let m be o(1). Give r(m).
-10
Let k(t) = t**2 - 4*t - 5. Let u be k(5). Let d(o) = -6*o - 2. Let m be d(-1). Suppose -m*i = -u*i. Let n(z) = -z**2 - 2. Calculate n(i).
-2
Let q = -3 + 5. Suppose -c = c - q. Let i(g) = g**2 - 2*g + 1. Calculate i(c).
0
Let j = 20 - 24. Let u(o) = o**2 + 3*o + 4. Determine u(j).
8
Let h(s) = s + 9. Let w(z) = z**3 + 8*z**2 - 8*z. Let f be w(-9). Give h(f).
0
Let c(n) = -3 + 3*n + n**2 - 3 + 3 + 2. Let z be c(-3). Let j(g) = -g - 1. Determine j(z).
0
Let q(b) = 5*b - 2. Let c be ((-5)/15)/((-1)/6). Suppose -3*g = c*j - 4*j - 12, -3*j = 9. Determine q(g).
8
Let m(l) = l**3 + 6*l**2 + 2*l + 3. Let x be m(-6). Let o(i) = i**2 + 10*i + 4. Calculate o(x).
-5
Let i be ((-3)/2)/(3/(-8)). Suppose -3*f = -2*f - 5. Let y(u) = -f*u**2 + 2 + u - 3 - 3 + 6*u + u**3. Give y(i).
8
Suppose 3*z = 5*r + 39, 0*z - 2*r = 5*z - 34. Let y = -6 + z. Let c(f) = -f**3 - f**2 + 2*f + 1. What is c(y)?
-7
Let u(y) = -2 + 4*y**2 + 2*y**2 - 4*y - 9*y**2. Suppose 5 = 6*r - r. Suppose -v - 1 - r = 0. What is u(v)?
-6
Let m(b) be the first derivative of 1 - 3/2*b**2 - 12*b. Let x(i) = -4*i - 13. Let y(t) = 5*m(t) - 4*x(t). What is y(5)?
-3
Suppose -2*t = 3*t - 20. Suppose -7 = -3*q + 2*c, -t = 4*q + 2*c - 18. Let l(a) = -a**3 + 2*a**2 + 4*a - 2. Calculate l(q).
1
Let t(m) be the third derivative of m**5/60 - 7*m**4/24 - 5*m**3/6 + 3*m**2. Let z(u) = -u**2 + 8*u + 6. Let l(j) = -7*t(j) - 6*z(j). Give l(2).
-3
Let j(y) be the second derivative of -1/3*y**4 + 1/2*y**2 + 0 + 1/6*y**3 + 10*y. Determine j(-1).
-4
Suppose -15 = 2*p + 3*p. Let l(h) be the third derivative of -1/8*h**4 + 2*h**2 + 1/3*h**3 + 0 + 0*h - 1/60*h**5. Determine l(p).
2
Let q(a) = -a**3 - 3*a**2 + 4*a + 3. Suppose 5*g = 5*x + 70, 0 = 2*g + 3*x + 2*x - 14. Let s = -16 + g. What is q(s)?
3
Let i = -14 + 9. Let f(m) be the third derivative of m**3 + m**2 + 1/24*m**4 + 0 + 0*m. Calculate f(i).
1
Let l be 6 + (-4)/14 + (-24)/14. Let h(z) = z**3 - 4*z**2 + 2*z. Give h(l).
8
Let k = 7 + -3. Suppose k*t - 2*t = 0. Let u(y) = y**3 + y + 3. What is u(t)?
3
Let v(j) = -j**2 + 4*j - 2. Let z(o) = o**2 - 2*o - 5. Let u(k) = -4 + 2*k + 2 - 2 - 6. Let s be u(7). Let m be z(s). What is v(m)?
1
Let d(f) = 12 - 8*f + 10*f - 3*f. Calculate d(5).
7
Suppose -3 - 1 = 4*s + 4*q, -5 = -s - 3*q. Let u(f) = f**2 + 6*f + 3. Calculate u(s).
-5
Let v(f) be the second derivative of f**5/20 + f**4/2 + f**2/2 - 19*f. Determine v(-6).
1
Let d(k) = -k**3 + k**2 + k - 1. Suppose -5*c = -i - 10, 2*i + 2*c + 0*c = 4. Calculate d(i).
-1
Let r be (-4)/16 + 78/(-8). Let t = -10 - r. Let w(b) = -b**2 - b - 3. Determine w(t).
-3
Let i(g) = -5*g - 5. Let n(k) = 4*k + 6. Let s(c) = 3*i(c) + 4*n(c). Calculate s(-5).
4
Let l = 3 + 3. Let g = l - 2. Let o(m) be the first derivative of m**4/4 - 5*m**3/3 + 3*m**2 - m + 1. Give o(g).
7
Suppose 0 = g - 3*g + 2. Suppose -i = 4*i - 25. Let u = g + i. Let m(h) = -h + 11. Calculate m(u).
5
Let j be (-5 + 2)*(-2 + 1). Let d(w) = -w + 2. Let i be d(j). Let t(b) = -2*b**2 - b + 2. Let h(x) = -x**3 + x**2 - 1. Let k(q) = 3*h(q) + t(q). Give k(i).
4
Let y(c) = 8*c + 2*c**2 + 3 + 4 - 4. Suppose 0 = -6*w + 4*w - 5*q, 5*w - 2*q = -29. Determine y(w).
13
Suppose -5*t - 3*z = -33 + 13, -5*t + 2*z = -20. Let n(r) = r**2 - 2*r**2 - 5*r**3 - 2*r + t*r**3. Let p(g) = g - 16. Let q be p(14). What is n(q)?
8
Suppose -3 = 4*c - 15. Let t = c + -1. Let s(r) = r - t*r - r - r - 6. What is s(-5)?
9
Let r(o) = 9*o + 10. Let j(c) = 4*c + 5. Let z(y) = 7*j(y) - 3*r(y). What is z(0)?
5
Let n(x) be the second derivative of x**5/20 + x**4/4 - x**3/6 + 3*x**2/2 - x. Suppose -12 = a - 2*o, -2 = -o - 0. Let g = 5 + a. Calculate n(g).
6
Let s(j) be the third derivative of j**5/15 + 20*j**2. Let m = -2 + 3. Give s(m).
4
Let o(f) = -f**3 - 4*f**2 - 4*f - 4. Let d = -2 + 3. Suppose 3*c - 4*x = 2 + 5, 4*x = 5*c - d. Give o(c).
-1
Suppose 3*i + 3*k - 18 = 0, -i + 3*k - 5*k = -9. Let q(m) = 2*m - 136 + 65 + 72. Give q(i).
7
Suppose -i - 2*i - 4*h - 25 = 0, -12 = 3*h. Let o(s) = -s**2 - 6*s - 4. Determine o(i).
5
Let l(w) be the first derivative of w**3/6 + w**2/2 + w + 1. Let m(i) be the first derivative of l(i). Give m(1).
2
Let b = 16 - 9. Let h be (-5)/(-20) - b/(-4). Let o(f) = f**2 - 8*f + 6. Let v(s) = s - 1. Let u(q) = 2*o(q) + 14*v(q). Determine u(h).
2
Let z(d) = 10*d**3 + 2*d**2 + 1. Let y(t) = -41*t**3 - 9*t**2 - 4. Let i(b) = 2*y(b) + 9*z(b). Calculate i(1).
9
Suppose -515*p = -509*p. Let f(v) be the second derivative of -7/2*v**2 - v + 0 + 1/6*v**3. Give f(p).
-7
Let m = 1 + 0. Let c(i) = -8*i**2 - 3*i + 3. Let q(n) = -n**3 + 14*n**2 + 5*n - 5. Let t(v) = 7*c(v) + 4*q(v). Give t(m).
-4
Let a(y) be the first derivative of -y**2 - y + 10. Let s = 6 + -9. Give a(s).
5
Let k = -11 - -17. Suppose 3*v = 2*x + k*v + 22, 0 = -x - 2*v - 13. Let t(n) be the third derivative of n**4/12 + 7*n**3/6 - n**2. Determine t(x).
-3
Let a(b) = -b**3 - 5*b**2 - 4*b + 5. Let r(t) = t**3 + 5*t**2 + 4*t - 5. Let s(k) = 3*a(k) + 4*r(k). Give s(-4).
-5
Let b(l) = -l**2 + 7*l + 5. Suppose 0 = -w + v - 3, 2*w - 5*w + 6 = 2*v. Suppose -u - 4*u + 30 = w. Give b(u).
11
Let i(f) = f**2 - 10*f - 15. Let m be i(11). Let s(p) = -2*p - 3. What is s(m)?
5
Let s be (-7)/((-7)/(-2))*-1. Let t(i) = -i**s - 5 - 6*i - 3 + 2 - i. Calculate t(-6).
0
Suppose 6*k - 5 = k. Let g = k + -1. Let t(y) = 7 + 0 + 2*y - 3*y. Calculate t(g).
7
Suppose x - 5*x = 20. Let q(n) = 6*n**2 - 4. Let w(z) = -z**2. Let m(f) = x*w(f) - q(f). What is m(-3)?
-5
Let v(x) be the second derivative of x**4/24 + x**2 + 4*x. Let i(t) be the first derivative of v(t). Let s(g) = -g - 5. Let h be s(-5). What is i(h)?
0
Let g(x) = -x**3 + x**2 + x - 1. Let v be g(1). Let r(q) = 6*q**2 - 6 - 5*q**2 + 1. What is r(v)?
-5
Let f(h) = -h**3 + h + 3. Suppose -7 = k - 4. What is f(k)?
27
Let